 is the units digit of a(q)?
5
Suppose 5*l = 2*w + 81320 + 33088, -4*w + 114384 = 5*l. What is the thousands digit of l?
2
Suppose 3*o - 6 = 3*z, 5*o - 4 = 6. Suppose -5*v - 3*w - 301 + 1298 = z, -4*v = -3*w - 803. What is the tens digit of v?
0
Suppose 8*u - 4*w - 22 = 9*u, 4*u = w - 3. Let i = u - -7. Suppose -3*h + 216 = -i*r, -4*r - 41 = -2*h + 101. What is the tens digit of h?
7
Let b be (16 + -23)/(-14) + 402/4. Let z(t) = -10*t + 4. Let q be z(6). Let w = b + q. What is the units digit of w?
5
Let i = 160156 + -93507. What is the tens digit of i?
4
Suppose -3*x = -2*y + 19, 3*y - x + 14 = -5*x. What is the units digit of y/(-4)*(13 + -705)?
6
Let l(x) = 3*x**3 - 48*x**2 + 13*x + 15. What is the units digit of l(34)?
1
Suppose -64990 + 35 = -11*v. Suppose v = 5*k + o, 3*k + o = -0*o + 3545. What is the hundreds digit of k?
1
Suppose 4*q = -5*k + 2*k - 237, -5*k + 42 = -q. Let r = -32 - q. What is the tens digit of r/50 + 354/4?
8
Let p(x) = 33*x + 10. Let j(l) = -l**3 - 5*l**2 + l - 20. Let t be j(-6). Let u be p(t). Suppose -5*f = -f - u. What is the units digit of f?
5
Let h(u) = u**2 - 2*u - 6. Suppose 0*f = -4*f - n - 7, -n = -4*f - 9. Let p be h(f). Suppose -p*g - 60 = -4*g. What is the units digit of g?
0
Let a(x) = x**2 - 21*x - 4. Let r be a(22). Suppose r*i - 5769 = 9*i. What is the hundreds digit of i?
6
Let l = -14824 + 23730. What is the hundreds digit of l?
9
Let y(u) = -u**3 + 3*u**2 + u - 4. Let r be y(2). Suppose 459 = -r*l + 29*l. What is the units digit of l?
7
Let j be ((-32)/80)/(1/5). Let g be j/(-3) + (-93)/(-9). Let f = g - -7. What is the tens digit of f?
1
Let z be (6 + -7)/1*-1966. Let q = z - 1273. What is the tens digit of q?
9
Suppose -25*b + 28*b = 960. Suppose -16*w + b = -576. What is the tens digit of w?
5
Suppose -8*d - 67 = -o - 3*d, 245 = 4*o + 3*d. Suppose -85 = -7*n + o. Let a = n - -1. What is the units digit of a?
2
Let k(p) be the first derivative of -3*p**2/2 - 24*p + 14. Let b be k(-11). Let s = 37 + b. What is the tens digit of s?
4
Suppose -15436 = -16*f + 183860. Suppose 31*y - f = 13*y. What is the hundreds digit of y?
6
Suppose -22*n + 219 - 43 = 0. Suppose -s - 17 = 5*k, 5*s - 3*k = -n + 63. What is the units digit of s?
8
Let z(k) = 159*k + 21. Suppose 18 = d + 16. What is the tens digit of z(d)?
3
Suppose -2*q + 4 = j, -j + 12 = 4*q - 0*j. Suppose 4*d + q*h = -d + 10, 10 = 5*d - 3*h. Suppose -d*g + 300 = 4*g. What is the units digit of g?
0
Let z(c) = 11*c**3 + 96*c**2 - 988*c - 20. What is the thousands digit of z(10)?
0
Suppose 4*l = 13*l - 27. Suppose -l*f = -666 + 147. What is the units digit of f?
3
Let k be (-1 - -3)*10/(-12)*-1047. Suppose 4*q - 9*q = -k. What is the units digit of q?
9
Let h = 137552 + -54381. What is the ten thousands digit of h?
8
Suppose 203 = -k + 570. Let j = -360 + k. What is the units digit of j?
7
Suppose -2*a - 40997 = -5*p, -5*p - 33*a + 38*a + 41015 = 0. What is the thousands digit of p?
8
Suppose -2*z - n = -1812, -z + 909 = -4*n + 6*n. Suppose -7*d + 131 + z = 0. What is the hundreds digit of d?
1
Suppose -4*p - 5*y = -9, -6 = -8*p + 5*p - 4*y. Suppose -p*x = -1071 - 297. What is the units digit of x?
8
Let m be -3 + 1 + (-5 - (-49 + -5)). Suppose n - m = 218. What is the hundreds digit of n?
2
What is the ten thousands digit of 156/(-195) + (247008/10 - 0) - 3?
2
Suppose 2*k = -b - 3*b + 8710, 0 = 2*b + 2*k - 4356. Suppose -b + 607 = -10*v. What is the hundreds digit of v?
1
Let b(u) = -5*u - 2. Let a be b(-4). Let o(s) = 3*s - 57. Let k be o(a). What is the hundreds digit of (-10)/k*5292/90?
1
Let q be (-9)/36 - (-2354)/8. Suppose -z - 3*u + 8 = u, -3*z + 2 = u. Suppose 7*d + 7*d - q = z. What is the tens digit of d?
2
Let m(l) = l**3 + 31*l**2 + 55*l + 41. What is the thousands digit of m(-22)?
3
Let b(f) be the second derivative of 0 - 13*f + f**2 - 13/3*f**3. What is the tens digit of b(-1)?
2
Let n = -21 + 21. Suppose 80*y - 76*y - 2940 = n. What is the units digit of y?
5
Suppose -5*m + 48887 - 309059 = -38*m. What is the thousands digit of m?
7
Let m(c) be the third derivative of -c**5/60 + 13*c**4/24 - c**3/6 - 3*c**2. Suppose 26*s - 14*s - 108 = 0. What is the units digit of m(s)?
5
Suppose 0 = -4*p - l + 141293, -8*p + 6*l - 35352 = -9*p. What is the units digit of p?
2
Suppose 3225918 = 197*d - 487729. What is the units digit of d?
1
Let r(t) = 2*t**2 + 11 + 2*t + 236*t**3 - 235*t**3 - 4*t**2. Suppose 50 = y + 45. What is the tens digit of r(y)?
9
Let i(t) = 6*t + 48. Let z(o) = -1. Let w(a) = i(a) + 24*z(a). Let p be w(-9). What is the units digit of (576/(-112))/((p/56)/5)?
8
Let v = 3928 + -3806. What is the tens digit of v?
2
Let x(g) be the second derivative of -g**4/12 + 7*g**3/3 + 6*g**2 + 22*g - 1. Let y(i) = i**3 - 3*i**2 - i - 1. Let a be y(4). What is the units digit of x(a)?
5
Suppose -7*h = -h - 150. Suppose 3*g + 2*p = -2*p + 68, g - p - h = 0. What is the units digit of 70*4/g*3?
5
Let v(f) = 1603*f - 99. What is the hundreds digit of v(19)?
3
Suppose 0 = -2*u - 10, 2*z - 3*u - 16 = -u. Suppose 0 = -9*k + 5*k + 3*m + 1900, -k + 475 = z*m. What is the tens digit of k?
7
Suppose -6*r + 8*r + 5650 = 0. What is the tens digit of 2/4 - (r/10 - -4)?
7
Let c = 52 - 47. Suppose 0 = 2*w - 4*w - c*b + 142, -4*b + 68 = w. What is the tens digit of w?
7
Let t(m) = 533*m**2 + 23*m + 28. What is the tens digit of t(-4)?
6
Let p(v) = -51*v + 1. Let t(d) = 152*d - 3. Let m(f) = 17*p(f) + 6*t(f). Let q be m(-1). Let n = q + 152. What is the hundreds digit of n?
1
Let j = 7687 - -460. What is the thousands digit of j?
8
Let x be (-5)/(-2)*-1 - (-5)/10. Let o(w) = -w. Let k be o(4). What is the tens digit of ((-58)/k)/(1/(-12)*x)?
8
Let w(u) = -2*u**2 - 27*u - 10. Let c be w(-14). Let j be ((-91)/4)/((-3)/c). Let p = j + 297. What is the hundreds digit of p?
1
Let g(l) = 3 - 73*l - l**2 - 662*l**3 + 0*l**2 - 69*l + 145*l. What is the tens digit of g(-1)?
6
Let u(q) = 15441*q**2 + q - 3. What is the tens digit of u(1)?
3
Let l(v) = 18*v**3 - 13*v**2 - 11*v - 5. What is the hundreds digit of l(6)?
3
Let f(a) = 3*a**2 + 10*a + 134 - 60 - 69. Let y be f(-3). Suppose y*x + 114 = 5*x. What is the units digit of x?
8
Let d(i) = 142*i**2 - 11*i - 60. What is the thousands digit of d(6)?
4
Suppose -l = -17 + 16. Let x be l + (-4)/4 + 109. Suppose 10*i - 2*n - x = 5*i, 3*n + 106 = 5*i. What is the tens digit of i?
2
Suppose 3 = -z + 2*f, -f = 3*z + f - 7. Let p(c) be the second derivative of 47*c**3/6 - c**2/2 + 5*c. What is the units digit of p(z)?
6
Let b be (2/5)/((-1)/(-210)). Let z = 86 - b. Suppose 0*m = 5*m + a - 585, -4*a + 216 = z*m. What is the hundreds digit of m?
1
Let i be (-6)/21 - (-2583)/(-49). Let v(a) = a**2 - 8*a - 6. Let k be v(-5). Let c = i + k. What is the units digit of c?
6
Let y(t) be the third derivative of -37*t**5/40 - t**4/8 + 2*t**3 - 11*t**2. Let z(o) be the first derivative of y(o). What is the hundreds digit of z(-1)?
1
Let u(h) = 28*h + 106. Let n be u(-4). What is the hundreds digit of 709 + -6 + (-18)/n?
7
Suppose -319 + 11 = -2*m + 2*o, 5*m - 790 = o. Let t(y) = -2*y**3 - y - 2. Let d be t(-2). Suppose 13*b + m = d*b. What is the tens digit of b?
5
Let i be ((-183)/3)/((1/(-1))/13). Let x = i - 331. What is the units digit of x?
2
Let f = -288 + 761. Let h = 750 - f. Suppose -3*m + h = -140. What is the hundreds digit of m?
1
Suppose 2*h - 4*b = -3992, 3*h + b - 3*b = -5996. Let j = -798 - h. What is the units digit of j?
2
Suppose 4 = q, -4*u + 3*q + 12934 = -14434. What is the tens digit of u?
4
Suppose -9*d + 28 = -7*d. What is the tens digit of (d/6 + -3)/((-4)/1326)?
2
Suppose -3 = -2*a - n, 2*a + 5*n = 1 - 2. Suppose -a*o = 3*p - 269, -4*o + 547 = -6*p + 3*p. Suppose 2*b - 10 - o = 0. What is the tens digit of b?
7
Let h = 217 + 62. Let p = 924 - h. What is the tens digit of p?
4
Let v = -13828 - -26965. What is the thousands digit of v?
3
Let j(h) be the third derivative of 611*h**6/120 - 11*h**5/20 + 4*h**4/3 + h**3/6 + 2*h**2 + 136. What is the hundreds digit of j(1)?
6
Let b = 68387 + -37731. What is the units digit of b?
6
Let b(r) = 29*r**3 + 2*r**2 - 19*r - 29. Let c be b(-6). Let h = c + 9603. Suppose -19*j + h = -0*j. What is the units digit of j?
4
Let f = -2543 - 630. Let g = -2016 - f. What i